{"id":497,"date":"2024-03-18T11:18:10","date_gmt":"2024-03-18T11:18:10","guid":{"rendered":"http:\/\/31.217.192.242\/~sensaraf\/?page_id=497"},"modified":"2024-04-06T12:09:50","modified_gmt":"2024-04-06T12:09:50","slug":"ota-yhteytta","status":"publish","type":"page","link":"http:\/\/31.217.192.242\/~sensaraf\/?page_id=497","title":{"rendered":"Ota yhteytt\u00e4"},"content":{"rendered":"\n<div class=\"wp-block-group is-layout-flow wp-block-group-is-layout-flow\">\n<h1 class=\"wp-block-heading\">Ota yhteytt\u00e4<\/h1>\n\n\n\n<p>West Wind Rentals &amp; Properties \/ Sensara<\/p>\n\n\n\n<p>Email: info@sensara.fi<\/p>\n\n\n\n<figure class=\"wp-block-image size-full is-style-rounded\"><img loading=\"lazy\" decoding=\"async\" width=\"936\" height=\"624\" src=\"http:\/\/31.217.192.242\/~sensaraf\/wp-content\/uploads\/2024\/03\/12.jpg\" alt=\"\" class=\"wp-image-84\" srcset=\"http:\/\/31.217.192.242\/~sensaraf\/wp-content\/uploads\/2024\/03\/12.jpg 936w, http:\/\/31.217.192.242\/~sensaraf\/wp-content\/uploads\/2024\/03\/12-300x200.jpg 300w, http:\/\/31.217.192.242\/~sensaraf\/wp-content\/uploads\/2024\/03\/12-768x512.jpg 768w\" sizes=\"(max-width: 936px) 100vw, 936px\" \/><\/figure>\n\n\n\n<div style=\"height:16px\" aria-hidden=\"true\" class=\"wp-block-spacer\"><\/div>\n\n\n\n<h2 class=\"wp-block-heading\">Vuokraus:<\/h2>\n\n\n\n<p>Nina Ivakko<br>PUH: (+34) 952 440 035<br>GSM: (+34) 639 948 826<\/p>\n\n\n\n<div style=\"height:16px\" aria-hidden=\"true\" class=\"wp-block-spacer\"><\/div>\n\n\n\n<h2 class=\"wp-block-heading\">Myynti:<\/h2>\n\n\n\n<p>Ismo Ivakko<br>GSM: (+34) 655 689 455<\/p>\n\n\n\n<div style=\"height:16px\" aria-hidden=\"true\" class=\"wp-block-spacer\"><\/div>\n\n\n\n<p><strong>Voit ottaa my\u00f6s yhteytt\u00e4 oheisella lomakkeella.<\/strong><\/p>\n\n\n\n<div class=\"wp-block-group is-layout-flow wp-block-group-is-layout-flow\"><style id=\"wpforms-css-vars-root\">\n\t\t\t\t:root {\n\t\t\t\t\t--wpforms-field-border-radius: 3px;\n--wpforms-field-background-color: #ffffff;\n--wpforms-field-border-color: rgba( 0, 0, 0, 0.25 );\n--wpforms-field-text-color: rgba( 0, 0, 0, 0.7 );\n--wpforms-label-color: rgba( 0, 0, 0, 0.85 );\n--wpforms-label-sublabel-color: rgba( 0, 0, 0, 0.55 );\n--wpforms-label-error-color: #d63637;\n--wpforms-button-border-radius: 3px;\n--wpforms-button-background-color: #066aab;\n--wpforms-button-text-color: #ffffff;\n--wpforms-page-break-color: #066aab;\n--wpforms-field-size-input-height: 43px;\n--wpforms-field-size-input-spacing: 15px;\n--wpforms-field-size-font-size: 16px;\n--wpforms-field-size-line-height: 19px;\n--wpforms-field-size-padding-h: 14px;\n--wpforms-field-size-checkbox-size: 16px;\n--wpforms-field-size-sublabel-spacing: 5px;\n--wpforms-field-size-icon-size: 1;\n--wpforms-label-size-font-size: 16px;\n--wpforms-label-size-line-height: 19px;\n--wpforms-label-size-sublabel-font-size: 14px;\n--wpforms-label-size-sublabel-line-height: 17px;\n--wpforms-button-size-font-size: 17px;\n--wpforms-button-size-height: 41px;\n--wpforms-button-size-padding-h: 15px;\n--wpforms-button-size-margin-top: 10px;\n\n\t\t\t\t}\n\t\t\t<\/style><div class=\"wpforms-container wpforms-container-full wpforms-block wpforms-block-8230228b-9658-4e1a-bcec-40c3623ebd68 wpforms-render-modern\" id=\"wpforms-499\"><form id=\"wpforms-form-499\" class=\"wpforms-validate wpforms-form wpforms-ajax-form\" data-formid=\"499\" method=\"post\" enctype=\"multipart\/form-data\" action=\"\/~sensaraf\/index.php?rest_route=%2Fwp%2Fv2%2Fpages%2F497\" data-token=\"921c4d13336c958705b8c0c747c2d29a\"><noscript class=\"wpforms-error-noscript\">Please enable JavaScript in your browser to complete this form.<\/noscript><div class=\"wpforms-hidden\" id=\"wpforms-error-noscript\">Please enable JavaScript in your browser to complete this form.<\/div><div class=\"wpforms-field-container\"><div id=\"wpforms-499-field_0-container\" class=\"wpforms-field wpforms-field-name\" data-field-id=\"0\"><label class=\"wpforms-field-label\" for=\"wpforms-499-field_0\">Nimi <span class=\"wpforms-required-label\" aria-hidden=\"true\">*<\/span><\/label><input type=\"text\" id=\"wpforms-499-field_0\" class=\"wpforms-field-medium wpforms-field-required\" name=\"wpforms[fields][0]\" aria-errormessage=\"wpforms-499-field_0-error\" required><\/div><div id=\"wpforms-499-field_1-container\" class=\"wpforms-field wpforms-field-email\" data-field-id=\"1\"><label class=\"wpforms-field-label\" for=\"wpforms-499-field_1\">S\u00e4hk\u00f6posti <span class=\"wpforms-required-label\" aria-hidden=\"true\">*<\/span><\/label><input type=\"email\" id=\"wpforms-499-field_1\" class=\"wpforms-field-medium wpforms-field-required\" name=\"wpforms[fields][1]\" spellcheck=\"false\" aria-errormessage=\"wpforms-499-field_1-error\" required><\/div><div id=\"wpforms-499-field_2-container\" class=\"wpforms-field wpforms-field-textarea\" data-field-id=\"2\"><label class=\"wpforms-field-label\" for=\"wpforms-499-field_2\">Viesti<\/label><textarea id=\"wpforms-499-field_2\" class=\"wpforms-field-medium\" name=\"wpforms[fields][2]\" aria-errormessage=\"wpforms-499-field_2-error\" ><\/textarea><\/div><\/div><!-- .wpforms-field-container --><div class=\"wpforms-submit-container\" ><input type=\"hidden\" name=\"wpforms[id]\" value=\"499\"><input type=\"hidden\" name=\"wpforms[author]\" value=\"1\"><button type=\"submit\" name=\"wpforms[submit]\" id=\"wpforms-submit-499\" class=\"wpforms-submit\" data-alt-text=\"L\u00e4hett\u00e4\u00e4...\" data-submit-text=\"L\u00e4het\u00e4\" aria-live=\"assertive\" value=\"wpforms-submit\">L\u00e4het\u00e4<\/button><img loading=\"lazy\" decoding=\"async\" src=\"http:\/\/31.217.192.242\/~sensaraf\/wp-content\/plugins\/wpforms-lite\/assets\/images\/submit-spin.svg\" class=\"wpforms-submit-spinner\" style=\"display: none;\" width=\"26\" height=\"26\" alt=\"Loading\"><\/div><\/form><\/div>  <!-- .wpforms-container --><\/div>\n<\/div>\n","protected":false},"excerpt":{"rendered":"<p>Ota yhteytt\u00e4 West Wind Rentals &amp; Properties \/ Sensara Email: info@sensara.fi Vuokraus: Nina IvakkoPUH: (+34) 952 440 035GSM: (+34) 639 948 826 Myynti: Ismo IvakkoGSM: (+34) 655 689 455 Voit ottaa my\u00f6s yhteytt\u00e4 oheisella lomakkeella.<\/p>\n","protected":false},"author":1,"featured_media":0,"parent":0,"menu_order":0,"comment_status":"closed","ping_status":"closed","template":"page-with-sidebar","meta":{"_uag_custom_page_level_css":"","footnotes":""},"uagb_featured_image_src":{"full":false,"thumbnail":false,"medium":false,"medium_large":false,"large":false,"1536x1536":false,"2048x2048":false},"uagb_author_info":{"display_name":"juuso","author_link":"http:\/\/31.217.192.242\/~sensaraf\/?author=1"},"uagb_comment_info":0,"uagb_excerpt":"Ota yhteytt\u00e4 West Wind Rentals &amp; Properties \/ Sensara Email: info@sensara.fi Vuokraus: Nina IvakkoPUH: (+34) 952 440 035GSM: (+34) 639 948 826 Myynti: Ismo IvakkoGSM: (+34) 655 689 455 Voit ottaa my\u00f6s yhteytt\u00e4 oheisella lomakkeella.","_links":{"self":[{"href":"http:\/\/31.217.192.242\/~sensaraf\/index.php?rest_route=\/wp\/v2\/pages\/497"}],"collection":[{"href":"http:\/\/31.217.192.242\/~sensaraf\/index.php?rest_route=\/wp\/v2\/pages"}],"about":[{"href":"http:\/\/31.217.192.242\/~sensaraf\/index.php?rest_route=\/wp\/v2\/types\/page"}],"author":[{"embeddable":true,"href":"http:\/\/31.217.192.242\/~sensaraf\/index.php?rest_route=\/wp\/v2\/users\/1"}],"replies":[{"embeddable":true,"href":"http:\/\/31.217.192.242\/~sensaraf\/index.php?rest_route=%2Fwp%2Fv2%2Fcomments&post=497"}],"version-history":[{"count":9,"href":"http:\/\/31.217.192.242\/~sensaraf\/index.php?rest_route=\/wp\/v2\/pages\/497\/revisions"}],"predecessor-version":[{"id":635,"href":"http:\/\/31.217.192.242\/~sensaraf\/index.php?rest_route=\/wp\/v2\/pages\/497\/revisions\/635"}],"wp:attachment":[{"href":"http:\/\/31.217.192.242\/~sensaraf\/index.php?rest_route=%2Fwp%2Fv2%2Fmedia&parent=497"}],"curies":[{"name":"wp","href":"https:\/\/api.w.org\/{rel}","templated":true}]}}